 is -7c74 (base 13) in base 6?
-213010
What is 23311033303 (base 4) in base 12?
1056b57
Convert 14470665 (base 8) to base 16.
3271b5
16810621 (base 10) to base 4
1000020021331
-1bc129 (base 16) to base 10
-1818921
Convert 134176 (base 10) to base 14.
36c80
Convert -263544 (base 8) to base 5.
-10421004
Convert -75798 (base 13) to base 11.
-135498
What is 12041433 (base 5) in base 7?
644606
What is 102103103 (base 4) in base 7?
431360
-101011111001111101 (base 2) to base 15
-38442
Convert 1010001100000111011 (base 2) to base 16.
5183b
Convert 12026143 (base 8) to base 10.
2632803
What is 1110011011110001100111 (base 2) in base 5?
1432040113
Convert -1021202301 (base 4) to base 9.
-508183
Convert 68986 (base 13) to base 11.
1201a9
What is -12624010 (base 7) in base 15?
-180694
-91217 (base 15) to base 5
-104200342
Convert -510321 (base 6) to base 10.
-40297
Convert -1ac14 (base 16) to base 6.
-2203204
24313 (base 13) to base 14
1a2d3
What is 322101301 (base 5) in base 15?
1bdb6b
-6817887 (base 10) to base 12
-2349653
Convert -90b0 (base 13) to base 15.
-5d7b
Convert -1036b8 (base 14) to base 8.
-2055102
-101001200200121 (base 3) to base 2
-10100011001100110000101
121650 (base 8) to base 11
29528
What is 9725 (base 14) in base 12?
13131
Convert 111903b (base 12) to base 9.
6135152
What is -1f2c4 (base 16) in base 13?
-4616b
What is -1408a1a (base 14) in base 12?
-3300228
What is 665538 (base 9) in base 11?
251917
What is -1011010001001110101 (base 2) in base 4?
-1122021311
What is -2020331321 (base 4) in base 3?
-1001111120102
-12303330 (base 4) to base 2
-110110011111100
What is 20a3157 (base 14) in base 16?
ebc659
Convert -3023013 (base 5) to base 14.
-1396c
Convert -82d50 (base 16) to base 3.
-1000020002201
Convert 543db (base 14) to base 10.
203837
What is -11805a (base 15) in base 12?
-344511
-80b164 (base 14) to base 5
-2102124220
fc1b7 (base 16) to base 8
3740667
-42637612 (base 8) to base 11
-5173365
Convert -35235405 (base 7) to base 12.
-1056ab3
2441023 (base 6) to base 16
1fb27
665747 (base 8) to base 14
5ba07
Convert -1051231 (base 7) to base 14.
-355c1
3432023 (base 5) to base 7
344224
Convert -25510421 (base 6) to base 5.
-203132420
Convert -2b8bee (base 16) to base 12.
-b57666
Convert -10000210010111 (base 3) to base 4.
-12020333332
Convert -10000110111001101010 (base 2) to base 13.
-164672
-62421524 (base 7) to base 2
-10100000001100010101000
Convert 1110200121211 (base 3) to base 13.
214774
What is -26b88d (base 14) in base 9?
-2458370
42132211 (base 5) to base 16
55380
367366 (base 9) to base 11
141805
What is 17316 (base 13) in base 8?
126662
What is 330321310 (base 4) in base 3?
110200012021
What is -1265420 (base 7) in base 14?
-45110
What is -163516 (base 7) in base 5?
-2020000
What is 76657430 (base 8) in base 6?
1345031544
What is 1626861 (base 11) in base 13?
762807
Convert 602a49 (base 15) to base 12.
1641b73
Convert 211122152 (base 6) to base 11.
20a541a
-193b0 (base 14) to base 4
-33211232
Convert -231310220 (base 4) to base 6.
-4004532
Convert -9a81d (base 14) to base 3.
-201001002201
What is 2316622 (base 7) in base 14?
77c12
-73d35 (base 15) to base 4
-1121231303
-101112120122 (base 3) to base 11
-131959
20020233302 (base 4) to base 12
86a442
Convert 25513a (base 11) to base 14.
a6794
Convert 9610a (base 12) to base 2.
110000001000011010
Convert -92698 (base 10) to base 15.
-1c6ed
121231123 (base 4) to base 16
19b5b
-215c2b (base 13) to base 10
-784197
Convert 2404102 (base 5) to base 9.
66656
1303214222 (base 5) to base 8
14101460
What is -2001122202 (base 5) in base 7?
-45242450
-218898 (base 11) to base 8
-1250462
110000101100100000 (base 2) to base 6
4135224
What is -2001111121212 (base 3) in base 15?
-168a82
Convert -71500 (base 9) to base 13.
-18561
What is -5323615 (base 7) in base 3?
-1012202111121
-44113132 (base 5) to base 14
-9c275
What is -4279 (base 13) in base 7?
-35620
Convert -39020 (base 14) to base 2.
-100010001011000100
Convert -925323 (base 12) to base 2.
-1000101111000110001011
What is 13233213 (base 4) in base 12?
16433
Convert 336034 (base 8) to base 2.
11011110000011100
What is -988697 (base 10) in base 14?
-1ba453
84622 (base 11) to base 16
1e142
Convert -4201010 (base 5) to base 12.
-33a40
-6535 (base 14) to base 8
-42123
What is -46ac (base 15) in base 10?
-15012
Convert 11001100111100000 (base 2) to base 10.
104928
Convert 12122101110211 (base 3) to base 13.
810331
Convert -1931b (base 13) to base 5.
-3030430
What is 904333 (base 12) in base 5?
1033344441
What is 34323333 (base 6) in base 16?
1011c9
What is 4748003 (base 9) in base 15?
35bc76
-426158 (base 9) to base 5
-31110301
What is 384314 (base 11) in base 15?
be83d
Convert -d0b1 (base 15) to base 12.
-215a1
3f3f0f (base 16) to base 13
b21814
Convert 281051 (base 9) to base 6.
3401201
-8b192 (base 12) to base 8
-551476
Convert -226163 (base 8) to base 3.
-10220111201
What is 132432113 (base 7) in base 3?
121002011202222
What is -2562112 (base 9) in base 12?
-57576b
What is 6974156 (base 10) in base 12?
2403b78
4c80c (base 15) to base 9
412733
What is -2102011230 (base 4) in base 16?
-9216c
What is 7b47cb (base 15) in base 11?
3361625
666a7 (base 15) to base 4
1033132003
ced90 (base 16) to base 10
847248
What is 2750b (base 14) in base 3?
11221002202
-73433 (base 12) to base 8
-446647
What is -498559 (base 16) in base 13?
-cc915a
Convert -810604 (base 10) to base 2.
-11000101111001101100
-193968 (base 11) to base 13
-a5823
1001100222211 (base 3) to base 6
15545121
-48994 (base 10) to base 3
-2111012121
What is 60a479 (base 13) in base 6?
120123000
-50dcc7 (base 15) to base 13
-a47655
Convert -11000100011100110001 (base 2) to base 16.
-c4731
What is -508313 (base 11) in base 16?
-c7498
What is -316213 (base 7) in base 6?
-1102324
bc1055 (base 14) to base 4
120111211203
What is -216125 (base 8) in base 3?
-10200211220
What is 1010000110000100100101 (base 2) in base 9?
4873043
-1725b85 (base 12) to base 7
-55424465
What is -100112121020110 (base 3) in base 6?
-300401533
-3815561 (base 10) to base 2
-1110100011100010001001
What is 2030224 (base 8) in base 14?
dd856
-533400 (base 6) to base 10
-43560
15113 (base 12) to base 16
735f
Convert -140394 (base 13) to base 2.
-1110110101100010101
42b1cc (base 13) to base 5
400114143
217789 (base 12) to base 4
2001302121
Convert a46605 (base 11) to base 2.
110011001100111011111
What is 28317 (base 12) in base 7?
321346
What is 1200441424 (base 5) in base 11?
160890a
What is 43235601 (base 7) in base 9?
6843580
54812 (base 10) to base 16
d61c
2234205 (base 6) to base 16
1bc1d
What is -2276141 (base 8) in base 12?
-25b915
Convert 3011021 (base 5) to base 7.
255611
What is -999283 (base 11) in base 12?
-64a230
Convert 33033211 (base 4) to base 10.
62437
Convert -1340ad (base 16) to base 6.
-43013221
What is 1111100101102 (base 3) in base 7?
6515225
Convert -105151102 (base 6) to base 7.
-22245155
What is 435c00 (base 13) in base 4?
12002223330
Convert -21112001012 (base 3) to base 8.
-441063
Convert -41020403 (base 5) to base 14.
-88102
What is -769d3 (base 14) in base 15?
-5a200
Convert -aaeb (base 16) to base 14.
-11d35
What is c4772 (base 15) in base 11?
395915
Convert 7014134 (base 9) to base 7.
43462456
Convert -705099 (base 10) to base 6.
-23040203
Convert -210675 (base 9) to base 3.
-20100202112
Convert -20012024 (base 5) to base 6.
-3211255
23617 (base 10) to base 11
16820
Convert 2c68cc (base 13) to base 6.
35324404
209a7b (base 14) to base 7
12241014
What is 21344003 (base 5) in base 6?
3541005
108219 (base 10) to base 3
12111110010
What is 10103112103 (base 5) in base 7?
152521315
What is -3040120 (base 5) in base 16?
-c102
13132312133 (base 4) to base 9
3618445
-11105164 (base 7) to base 8
-3522501
Convert a1a099 (base 14) to base 11.
3089371
What is -96e (base 16) in base 9?
-3272
830c1 (base 13) to base 11
150811
Convert 10002000403 (base 5) to base 7.
146162422
Convert 36456030 (base 7) to base 3.
20010111220120
150b34b (base 12) to base 2
10000001101100000101011
What is 254210551 (base 6) in base 15?
6805ea
-22123010 (base 5) to base 3
-100202201120
Convert -302520 (base 6) to base 14.
-8a2c
acb31 (base 13) to base 6
10421041
662835 (base 11) to base 15
15d665
21a5a2 (base 13) to b